 44)
19
Evaluate -9 + (-15 - ((61 - 63) + (-42 - -2))).
18
Evaluate -54 - (-20 + -1 - (16 - -44 - 57)).
-30
Calculate -3 + (-84 + 154 - 9).
58
Calculate (-65 - -20) + (7 - 2) + -17 + 21 + -9.
-45
Calculate (0 - 1) + (128 - 138) - -19 - -59.
67
What is the value of 25 + -49 + 2 + 1?
-21
What is -22 + (20 - (-34 - -29))?
3
Calculate (-41 - -17 - -6) + -79 + 8.
-89
Evaluate (-45 - (3 + -5)) + (19 - 17) + 4.
-37
What is the value of -13 + 1 + (2 - 1) - (-264 + 174 + 8)?
71
Evaluate 4 + -14 - (19 - 8 - 23).
2
What is 17 + -84 + (14 - -6) - (-2 + 2 - 10)?
-37
What is -10 + -1 + 3 + 51 + 14 + -19?
38
46 - ((-57 - -61) + 11)
31
Calculate 68 + 1 - ((-482 - -515) + (-24 - -1)).
59
What is the value of -8 + -6 - -12 - -13 - (7 - -8)?
-4
What is -9 + (-20 + 6 - 2) - -10 - -10?
-5
What is the value of 68 + (-8 - -1 - (12 + 1 - (2 - -14)))?
64
What is the value of (-9 - -2) + 0 + 3 + (-177 - -198) + -105?
-88
Evaluate -1 + 8 + -380 + 344 - (14 - 4).
-39
Evaluate (8 - (3 + -6)) + 34 - -11 - 12.
44
Calculate 7 - (-13 - (-359 + 299 - (8 - 0))).
-48
Calculate -64 + 112 + (-5 - -3 - 4) + -3.
39
Calculate -114 + 22 - (-32 - (11 - -1)).
-48
-4 + 2 + (-753 - -846)
91
-2 - -18 - (33 + (0 - (-66 - -30)))
-53
What is the value of -9 + -1 + 68 + -12 + 1 + -570 + 582?
59
What is the value of (5 - -37 - 2) + (14 + -14 - -5)?
45
What is 8 + 156 + -118 + 40?
86
Calculate 1 - (-6 - (-5 + -5)) - ((24 - 10) + -8).
-9
Evaluate 1 + (13 - -1) - (-28506 + 28471).
50
-118 - (35 + -67 - 50)
-36
What is the value of 164 + -299 + 25 + 70?
-40
-5 + (72 - 36) + -31 + 7
7
Calculate -8 + -1 + 34 + (-6 + 8 - 25) + 6.
8
-5 + (-10 - (-10 - 6 - -12)) + 15 + -1
3
50 - -39 - 38 - 17
34
Evaluate -3 + 4 + (-10 - (0 + -13)) - (-40 + 37).
7
Calculate -42 + (14 - 3) + 22.
-9
What is the value of (-37 + 77 + -11 - 24) + 85?
90
What is the value of 1 + 30 + -2134 + 2119?
16
Calculate 51 - (-54 + 44 + 18).
43
What is -29 + (-18 + 6 - (107 + -150))?
2
Calculate -52 + 89 + -24 - 0.
13
(37 - (3 - -21 - 23)) + -9
27
What is the value of -1 + -8 - ((8 - -3) + -20 + 30 + -54)?
24
What is the value of 28 - (64 + -52 - -42)?
-26
What is -22 + 35 - (-36 + (17 - 8 - 25) + 11)?
54
Evaluate -356 + 338 - (-69 + -2 + 5 + 3).
45
What is the value of 0 + 6 + -2 + -16 + -3 + 1 + 18?
4
Calculate 70 - (-20 + (-27 - (27 + -68))).
76
Evaluate (3 + -9 - -10) + 1 + 0 + -69 + 99.
35
What is the value of 74 + -35 + -50 - 28?
-39
-23 - (24 + (1 - 10))
-38
Calculate 139 + -84 - -127 - (44 - 3).
141
What is 16 + (-15 - -23) + -43 + 34?
15
Evaluate -8 + (3 - (-3 - -7 - -7)) + 10.
-6
What is (-1 - 2) + 2179 + -2180?
-4
-40 + 69 + -97 + (45 - 20)
-43
-15 - (14 + -22 + -19 + (11 - -9))
-8
Calculate 3 + (-2 - 11) - -3 - (-372 - -409).
-44
(-7 + 52 - 43) + (9 - 12)
-1
Calculate -38 + (10 - -25) + (-78 - (4 + 0)).
-85
What is -15 + 3 - ((0 - (12 - (0 + -3))) + 10)?
-7
Calculate 0 - -4 - 25 - (-75 + 20 + 54).
-20
What is the value of -54 + -74 + -2 + (764 - 736)?
-102
What is the value of (86 - 68) + (4 + 6 + -6 - 15)?
7
55 + -34 + (14 + 0 - (-7 + (-1 - -14)))
29
Evaluate (-17 - -35) + (-8 + 0 - (96 + -78)).
-8
Calculate -107 + 1 - (1242 + -1349).
1
101 + (-83 - -51 - 119)
-50
Calculate -25 - (60 + 90 + -91).
-84
Evaluate (520 - 471 - (7 - -1)) + -1 + 0.
40
-20 + 1 + -19 + -135 + 38 + 126
-9
-536 + 548 + 0 + 3 + (5 + 0 - 73)
-53
What is the value of 9 - (17 + (38 - 11) - 2 - (2 + 8))?
-23
12 - -2 - (24 - 48 - -18)
20
Calculate (-35 - -13 - (1 - 11)) + 39.
27
-15 + (-1 - -102) + 1 + (-319 - -319)
87
What is (-24 - (-6 + 4)) + 9 + 2 + (-4 - -3)?
-12
81 + -1 + -3350 + 3305
35
Evaluate (-28 - -18) + -6 + -1 - -20.
3
What is 14 - (0 - (-98 + 96))?
12
Calculate (-7 - (-39 - -44)) + -18 + 1.
-29
Evaluate -80 + 58 + (-23 - -22).
-23
Calculate -33 + 0 + (196 - 75 - 15).
73
Calculate -40 + 58 - (115 + -42).
-55
Calculate (-14 + 0 - (19 + -22)) + (-26 - -13).
-24
Evaluate (10 - 11) + (12 + -8 + (2 - -10) - -8).
23
Evaluate -7 - (298 + -278 - (19 + -2)).
-10
What is 10002 - 9844 - (-2 - -140)?
20
What is the value of -9 - (11 + 3 - 0 - 77) - 14?
40
What is -157 + 24 + (115 - 4)?
-22
Evaluate 4 + 10 + 7 + -1 + -12 + (-64 - -136).
80
What is -213 + 231 - (-2 + -2 - -18)?
4
What is (-3 - (47 - 1)) + 22 + (0 - 1) + -3?
-31
Calculate (-12 - (-2 + 5) - (-20 - -7)) + 2.
0
-76 + 24 + -8 - -107
47
What is (22 + -22 - (0 - 1)) + (-9 - (6 - -59))?
-73
What is -57 + (-47 - -80) + 26?
2
Evaluate 25 - ((-42 + 90 - 116) + 48).
45
Calculate -10 - (-13 - (-1 + -8 - (4 - 1)) - 129).
120
Calculate 512 + -399 - (60 - 1).
54
68 + (13 - ((-1 - -8 - 9) + 21)) + -1
61
What is -103 + 83 + 88 + -138?
-70
Calculate (15 - (-19 + (-24 - -12))) + -22.
24
Evaluate (-19 - 71 - (87 - 84 - (-1 + 16))) + -7.
-85
What is -1 + 78 + -30 - 22 - (2 + 14)?
9
What is the value of (129 - -8) + (-300 - -242)?
79
(0 - (11 - (1 + 0))) + 207 + -166 + -44
-13
What is the value of -56 + 3 + -2 + 1 - -7?
-47
-1 + -15 + -191 + 197 + -7
-17
26 + 30 + -96 + 44
4
What is 30 + (-11 - (-22 + 11)) - (1 - 5)?
34
What is 217 - 241 - (-3 + -81) - (8 - 0)?
52
What is -2 + 7 - (-6 + 68 + -15)?
-42
What is -31 - 12 - 21 - -68?
4
Evaluate -21 - (16 + (13 - (10 + 24))).
-16
Evaluate (-81 - -1) + (4546 - 4527).
-61
Calculate 97 + -93 + 93 - 52.
45
-26 - (-27 - -17) - (5 + -5) - -26
10
What is the value of (-18 - (30 - 37) - (35 + 2)) + 4?
-44
What is the value of 29 + (-9 + 15 + -21 - 120)?
-106
What is 37 - (-83 - -66) - ((-1 - -11) + 1)?
43
What is -1 + 7 + -1 - ((203 - 632) + 514)?
-80
What is 0 - ((-40 - -72) + -11) - (17 + -2)?
-36
What is -17 + -1 - (-13087 + 13088)?
-19
(6 - 3) + 10 - (1 - 31 - (0 + -19))
24
What is -12 + 4 - (-8 - (19 - 17))?
2
(1 - (14 + -13)) + 18 + -15 - 47
-44
What is (3 - (9 + -8)) + (12 - 0) + -5 - 9?
0
What is the value of -26 + (-2 - (13 + -9 - (18 + -8))) + 3?
-19
What is 0 + -38 - (13 + -7 - (-7 - 2) - 25)?
-28
Calculate (-8 - 1) + (-926 - -920) - (0 + -1).
-14
(-3 - -2) + -12 - (-31 - (3 + -14))
7
What is (71 - 63 - (3 + 3) - 5) + -26?
-29
(-2266 - -2246) + (1 - 4) + (3 - 2) + 15
-7
Evaluate -44 + (5 - (-101 + 53)).
9
What is the value of 0 + 2 + -8 - (-16 + (9 - 6)) - 51?
-44
Calculate 87 - (9 - -246 - 91).
-77
What is the value of -51 + 11 + (-35 - -87)?
12
8 + -2 + 2 + -28 + (-25 - -28 - -32)
15
1331 - 1312 - (-3 + 36 - -2)
-16
What is -34 + 3 + -82 + -4 + 35?
-82
Evaluate (-4 - 1 - (2 - 31 - 12)) + (10 - 8).
38
What is the value of 110 - ((166 - 123) + 184)?
-117
Calculate (-21 - (-82 - -60)) + -7 + -1.
-7
Evaluate -1 + 20 - ((505 - 294) + -98).
-94
Evaluate -57 + (79 + -46 - -11) - 6.
-19
Evaluate 0 + 0 + 21 - (-4998 + 5004).
15
What is the value of 9 - -2 - (-340 - -316)?
35
Calculate 95 - -2 - ((30 - (51 + -33)) + -5 + 3).
87
What is the value of -14 - (23 + -21) - 43 - -21?
-38
What is the value of 60 + 4 - ((-16 - -18) + 4 + -1)?
59
Evaluate -3 - (22 + (-29 - 16) - -14).
6
What is the value of 97 + 133 + -306 - -15?
-61
Calculate -13 + (-11 - -9) - -2 - (-70 - -1).
56
What is the value of 8 - 10 - (12 + (-30 - -13) + -7)?
10
175 + (42 - (46 + 60))
111
What is the value of 18 - (23 + (3 - 40) + 11)?
21
What is the value of (-623 - -623) + (-28 + (1 - -1) - -2)?
-24
Calculate -2 + 10 + (26 - (28 - 27)).
33
Calculate -44 - (-18 + (10 - -17) + 2 + -1).
-54
What is the value of -26 + -2 - (54 + -75 + 32 - -11)?
-50
Evaluate -10 - (16 + -22) - (-3 - 1 - -55).
-55
97 + -147 - (-143 - -37)
56
What is 6 + (-10 - 70) + 20 + 10 + -24 + -6?
-74
Calculate 6 - -10 - (-3 + (-1 - (-9 - -8))).
19
What is the value of 14 - ((-25 + -12 - -23) + 22 - (0 + 5))?
11
Evaluate (3 - -7 - (-6 + 3)) + -17 + -51.
-55
What is the value of 1 + 2 + 12 - ((361 - 146) + -251)?
51
16 + (-37 - (-10 - 0 - -3))
-14
-35 + 154 + -349 + 310
80
Evaluate (-9 - (9 - 32) - (21 + 2)) + 97.
88
What is the value of -42 + -21 + 87 - 4?
20
What is -16 - 50 - (-234 + 145)?
23
Evaluate (891 + -897 - (-35 - (2 - 2))) + -5 + 15.
39
Evaluate -2 - (14 + -7) - (-4 + -13) - -3 - 27.
-16
Calculate -41 - 17 - (17 + -27).
-48
What is -27 + (26 - -49 - 14)?
34
Calculate 45 + -1 + -35 + -34 + 37.
12
Calculate 25 + -18 + 17 + -9.
15
17 - (2 - (12 - 2 - (-9 + 7 - -4)))
23
Calculate (-32 - 4) + 388 + -378.
-26
Evaluate (23 - (61 + 8)) + 22 + -48.
-72
What is -41 - (-10 + (-57 - (5 - 43)))?
-12
What is 11 + 6 + -28 + 5 + (10 - 8)